(-1). List the prime factors of 2 + r/(-8) + 260/(-208).
101
Suppose -23*w + 27*w - 8 = 0. What are the prime factors of (-1 + 0)/(w - (-5058)/(-2526))?
421
Let t = -7 + -37. Let k = t + 3. Let s = 39 - k. What are the prime factors of s?
2, 5
Let m = 264 - 483. Let n = m - -445. List the prime factors of n.
2, 113
Suppose -1563*z = -1569*z + 10896. List the prime factors of z.
2, 227
Let h(m) = 2719*m**2 - 122*m + 2. What are the prime factors of h(3)?
24107
Suppose -4*d + 2*b - 7*b + 308007 = 0, -3*d + 4*b + 230982 = 0. Suppose -d = -65*f - 18238. What are the prime factors of f?
2, 113
Let k(l) = l**2 + 3. Let j(t) = -2*t**2 - 44. Let c(b) = j(b) + 4*k(b). What are the prime factors of c(5)?
2, 3
Let x be (-64)/((-78)/36 + 1/6). Suppose 4588 = -x*f + 45836. What are the prime factors of f?
1289
Let q(l) = 5*l**2 + 27*l + 3. Let m be q(-5). Let n be 0*(14/8)/m. Suppose -427 = 5*s + 3*c - 1208, c + 3 = n. List the prime factors of s.
2, 79
Let x = -3876 - -13116. List the prime factors of x.
2, 3, 5, 7, 11
Let j be (-2631)/(-11) - (-6)/(-33). Suppose -22*p - 445 + 10103 = 0. Let w = p - j. List the prime factors of w.
2, 5
Suppose -22*y = -31*y + 1314. Let o = -126 + y. List the prime factors of (2/(o/(-845)))/(1/(-2)).
13
Let b(w) = 4*w**2 - 2*w + 1. Let q be b(1). Suppose 0 = q*y - 3*x + 6*x - 30, -5*x = 4*y - 44. What are the prime factors of ((y/4)/(3/274))/1?
137
What are the prime factors of ((-89064)/21)/(-7 + (-141)/(-21) + 0)?
2, 3, 1237
List the prime factors of (9152 - 9 - 6) + 10.
3, 3049
Suppose -19*v = -11*v + 704. Let r = v + 88. Suppose -3*m + k + 567 = 0, r*m + 2*m - 3*k - 385 = 0. List the prime factors of m.
2, 47
Let v(u) = -4*u - 7. Let z be v(-5). Suppose 4*k = -7*k + 1078. Suppose n - k - z = 0. What are the prime factors of n?
3, 37
Let t = 38305 + -6643. What are the prime factors of t?
2, 3, 1759
Let a(w) = -2*w + 12 - 3*w + w**3 + 4*w + 3*w**2. Let d be a(-4). Suppose d*l - 820 = -4*l. List the prime factors of l.
5, 41
What are the prime factors of -2316*((-16)/(-16))/(8/(-28))?
2, 3, 7, 193
Let o = 0 - -2. Let t = -142 + 147. Suppose 4*g = 3*p + 117, -t*p + 38 + 1 = o*g. List the prime factors of g.
3
Suppose 2*f - 212 = -4*q - 0*q, 2*q - 112 = -4*f. Let m = q + -49. Suppose -m*j + 92 = 2. What are the prime factors of j?
2, 3, 5
Suppose -3728 = -2*s - 4*c, -2*s + 4*c + 3743 = 3*c. Suppose 9*m - 4*m = -5*r + 4680, -2*r - m = -s. What are the prime factors of r?
2, 467
Suppose 5*o + 0*o = -2*b + 47098, 5*b + 3*o - 117783 = 0. List the prime factors of b.
3, 7853
Let r = -7943 + 57381. List the prime factors of r.
2, 19, 1301
Let g(o) = -3*o**2 - 17*o - 6. Let s be g(-5). Suppose -2*y + 10 = 0, s*p + 5*y = -p + 4505. Suppose 2*q = 16*q - p. List the prime factors of q.
2
Let x = 338 - 251. Let v = x - -109. List the prime factors of v.
2, 7
Let a(l) = -9*l - 3 + 28*l - 9*l + 4*l**2. What are the prime factors of a(11)?
3, 197
Let l(k) = 2*k**2 - 12*k - 33. Let c be l(14). Suppose -r - 3*r + c = -3*a, -r + 62 = 4*a. What are the prime factors of r?
2, 5
Let d be (2 + -2)/(2/(-3)*-3). Suppose d = 5*t + 14 + 6. List the prime factors of ((-572)/(-7) - t/14) + -2.
2, 5
Let p = -112 + 570. Suppose 7*n = n + 4*z + 666, p = 4*n + 2*z. List the prime factors of n.
113
Let t = 1997 - 1171. Suppose -2065 = -5*b - 5*z, 2*b - 2*z - t = 3*z. What are the prime factors of b?
7, 59
Suppose -a - 92 = -5*k - 27, -3*a = -2*k + 26. Let z(n) = 3*n + n**3 + n**2 - k*n + 0*n**3 + 14 + 4*n. What are the prime factors of z(5)?
2, 67
Suppose 0 = 2*l + 12*l + 5*l - 331189. List the prime factors of l.
17431
Let s(h) = 28*h**2 - h - 21. Let n be s(4). Let a = n + -24. List the prime factors of a.
3, 7, 19
Suppose 0 = -5*o + 15*o + 110. Suppose -4 = -3*r + 77. Let m = r + o. What are the prime factors of m?
2
Let o = 4311 - 3772. List the prime factors of o.
7, 11
Let l(x) = -5 - 10*x - 13 - 5. Let y be ((-80)/50 - 4) + (-2)/5. List the prime factors of l(y).
37
Let g = -134 + 4814. List the prime factors of g.
2, 3, 5, 13
Let q = -72 - -73. Let r be (1 - 4)*(-16 + (2 - q)). List the prime factors of ((-2)/3)/((-1)/r).
2, 3, 5
Let w(x) = x**2 + 3*x - 6. Suppose z - 4 = -9. Let h be w(z). What are the prime factors of (-45 + 0)*h/(12/(-9))?
3, 5
Suppose -3*w - 4 = i, -i + w - 4 = -2*w. Let n be ((-6)/i)/(4/8). Suppose -n*f = 5*l - 635, -2*f = l - f - 125. What are the prime factors of l?
2, 5, 13
Suppose 30754 = -27*f + 85321. What are the prime factors of f?
43, 47
Let y be (-4)/6 + 22/6. Suppose -b + 5*l + 48 = 0, -6*l + 123 = 4*b - y*l. Suppose 4*c - 72 = -2*x, 4*x - 3*c = 111 + b. What are the prime factors of x?
2, 3
Let c(l) = -96*l**3 - 3*l**2 - 7*l - 8. Let u be c(-2). Suppose -9*s - 5*d = -5*s - 981, 3*s - 5*d = u. What are the prime factors of s?
3, 83
Let y = 121 - 82. List the prime factors of 3 - ((-6)/y - 6472/13).
3, 167
Let n(t) = t**2 - 28*t - 24. Let h be n(-20). Suppose -14*m = -10*m - h. List the prime factors of m.
2, 3, 13
Suppose -j + 4*m = m - 84, 4*j - 4*m - 312 = 0. Suppose -52 + 19 = d. Let g = d + j. List the prime factors of g.
2, 3, 7
Suppose 5*r + 106*a = 104*a + 291790, -58381 = -r - 5*a. List the prime factors of r.
2, 3, 1621
Suppose 9*z - 3*z = 0. Suppose 5*n + z*n - 4*m = 19, -14 = -4*n + 2*m. Suppose -146 = -h + 2*g, 5*h - n*g = -0*g + 709. What are the prime factors of h?
2, 5, 7
Suppose 0 = 5*d - 3*u - 15369, u = -5*d - 2*u + 15381. What are the prime factors of d?
3, 5, 41
Let v(u) = -u**3 + 21*u**2 - 8*u - 25. Let f be v(21). Let x = -58 - f. What are the prime factors of x?
3, 5
What are the prime factors of 427 + -419 - 42790/(-1)?
2, 3, 7, 1019
Let b be (-63)/(-2*(-9)/(-312)). Suppose 0 = 2*s + 5*y - 499, 3*y - 1021 - 236 = -5*s. Suppose 6*n + s - b = 0. What are the prime factors of n?
2, 5, 7
Let s = 0 - -21. Suppose 23*k = s*k. Suppose 5*n - 4*p = 316, 4*n - 7*n - 3*p + 168 = k. List the prime factors of n.
2, 3, 5
What are the prime factors of 1654500/70 - 6/(-21)?
2, 19, 311
Let t = -18475 - -37063. List the prime factors of t.
2, 3, 1549
Let g = 60606 - 10974. List the prime factors of g.
2, 3, 11, 47
Let s = -47436 + 71832. List the prime factors of s.
2, 3, 19, 107
Suppose -3*g + 6*g = -18. Let s be (2 + g)*(-11)/((-44)/(-32)). Suppose -s = -2*y - 4*z, -2*y + z = -z - 44. List the prime factors of y.
2, 5
Suppose 0 = 10*p - 4739 - 23451. Suppose 5*d - 2823 = 3*m, 0*d + 5*d + m = p. What are the prime factors of d?
2, 3, 47
Let u = -663 + 1332. List the prime factors of (-109)/436 + (u/4 - -2).
13
Suppose 3*b + 48 = 54. Let y = 42 - 40. Suppose -10 = -y*z + b*v, 2*z + 2*v = -0*z + 30. List the prime factors of z.
2, 5
List the prime factors of (56/12)/((-32684)/(-32676) + 0 - 1).
7, 389
Suppose -7297 = -6*v + 1679. Suppose -5*s + 5*h + 737 = -1118, 4*s - v = h. List the prime factors of s.
3, 5
Let z be (-1)/(5/(-6))*40/24. Suppose 7*k + 114 = z. What are the prime factors of (7 + k)*3/(-9)?
3
Let o be 3/30 + 15662/(-20) + -3. Let z = o - -1119. What are the prime factors of z?
3, 37
Let s(h) = -5*h + 3989. Let t be s(0). Suppose -t + 309 = -8*b. List the prime factors of b.
2, 5, 23
Let p(g) = 2*g**2 + 71*g + 1852. What are the prime factors of p(-29)?
5, 59
Suppose -s = -6*s + 7035. Suppose 0 = 66*w - 71*w + 3*c + s, w - 286 = -4*c. List the prime factors of w.
2, 3, 47
Suppose -159*n - 730138 = -259*n - 51638. List the prime factors of n.
5, 23, 59
Let f(v) = -2603*v + 6537. What are the prime factors of f(-7)?
2, 12379
Let t(k) = -2*k**2 - 49*k - 15. Let a be t(-24). List the prime factors of 1*-467*9/(0 - a).
467
Let n be (-25 + 15)*(-1)/2 + 0. Suppose 2*h = n*l - 6764, l + h - 1348 = -h. List the prime factors of l.
2, 13
Let d(n) = 4*n**3 - 6*n**2 + 3*n**3 + 5*n + 3 - 3*n**3 - 3*n**3. Let q be d(5). Suppose 0 = 2*p + q*p - 165. List the prime factors of p.
3, 11
Suppose -r + 52153 = 3*x, -3*r + 156417 = -0*x + 3*x. What are the prime factors of r?
2, 13033
Let a(y) = 2*y**2 - 20*y + 14. Let j be a(9). Let t(d) = 11*d**2 - 4*d + 1. What are the prime factors of t(j)?
193
Suppose -100694 = -2*h - 4*q, -4*h + 56*q = 58*q - 201370. List the prime factors of h.
50341
Suppose 4908 = 4*r - 5*x + 3*x, 2454 = 2*r - 2*x. Suppose 0 = -3*q + 5*s + r, -1961 = -3*q + s - 722. What are the prime f